{"id":25,"date":"2016-01-30T11:28:03","date_gmt":"2016-01-30T11:28:03","guid":{"rendered":"http:\/\/farmaciacentrala\u00f1aza.com\/?page_id=25"},"modified":"2023-07-05T13:55:54","modified_gmt":"2023-07-05T13:55:54","slug":"nosotros","status":"publish","type":"page","link":"https:\/\/farmaciacentrala\u00f1aza.com\/?page_id=25","title":{"rendered":"Con\u00f3cenos"},"content":{"rendered":"<p>Nuestro equipo\u00a0 facultativo y t\u00e9cnico<span style=\"color: #403e3e;\"> estaremos encantadas de atenderte a ti de una manera profesional\u00a0 personalizada, poder darles el mejor asesoramiento, \u00a0solucionar sus dudas o problemas\u00a0 y darles el mejor servicio\u00a0 a nuestros clientes y pacientes.<\/span><\/p>\n<p><span style=\"color: #403e3e;\">Prestando servicios como farmacia f\u00edsica en <\/span><span style=\"color: #003366;\"><strong>A\u00f1aza<\/strong><\/span>, <span style=\"color: #403e3e;\">tambi\u00e9n nos presentamos como comercio electr\u00f3nico para ofrecer un valor a\u00f1adido en el servicio al cliente, de esta manera tus compras las puedes realizar con el<\/span>\u00a0 <span style=\"color: #06cc9e;\"><span style=\"color: #003366;\"><strong>pedido online<\/strong><\/span>.<\/span><\/p>\n<p><span style=\"color: #403e3e;\">Nuestro equipo est\u00e1 en constante\u00a0 formaci\u00f3n e innovaci\u00f3n y especializado en diferentes campos,\u00a0 \u00a0para darles el mejor servicio.<\/span><\/p>\n<p><strong>Titular: Adoraci\u00f3n M\u00e9ndez Delgado<\/strong><\/p>\n","protected":false},"excerpt":{"rendered":"<p>Nuestro equipo\u00a0 facultativo y t\u00e9cnico estaremos encantadas de atenderte a ti de una manera profesional\u00a0 personalizada, poder darles el mejor asesoramiento, \u00a0solucionar sus dudas o problemas\u00a0 y darles el mejor servicio\u00a0 a nuestros clientes y pacientes. Prestando servicios como farmacia f\u00edsica en A\u00f1aza, tambi\u00e9n nos presentamos como comercio electr\u00f3nico para ofrecer un valor a\u00f1adido en [&hellip;]<\/p>\n","protected":false},"author":1,"featured_media":0,"parent":0,"menu_order":0,"comment_status":"closed","ping_status":"closed","template":"","meta":[],"_links":{"self":[{"href":"https:\/\/farmaciacentrala\u00f1aza.com\/index.php?rest_route=\/wp\/v2\/pages\/25"}],"collection":[{"href":"https:\/\/farmaciacentrala\u00f1aza.com\/index.php?rest_route=\/wp\/v2\/pages"}],"about":[{"href":"https:\/\/farmaciacentrala\u00f1aza.com\/index.php?rest_route=\/wp\/v2\/types\/page"}],"author":[{"embeddable":true,"href":"https:\/\/farmaciacentrala\u00f1aza.com\/index.php?rest_route=\/wp\/v2\/users\/1"}],"replies":[{"embeddable":true,"href":"https:\/\/farmaciacentrala\u00f1aza.com\/index.php?rest_route=%2Fwp%2Fv2%2Fcomments&post=25"}],"version-history":[{"count":19,"href":"https:\/\/farmaciacentrala\u00f1aza.com\/index.php?rest_route=\/wp\/v2\/pages\/25\/revisions"}],"predecessor-version":[{"id":574,"href":"https:\/\/farmaciacentrala\u00f1aza.com\/index.php?rest_route=\/wp\/v2\/pages\/25\/revisions\/574"}],"wp:attachment":[{"href":"https:\/\/farmaciacentrala\u00f1aza.com\/index.php?rest_route=%2Fwp%2Fv2%2Fmedia&parent=25"}],"curies":[{"name":"wp","href":"https:\/\/api.w.org\/{rel}","templated":true}]}}