{"id":378,"date":"2023-03-26T14:30:49","date_gmt":"2023-03-26T14:30:49","guid":{"rendered":"https:\/\/farmaciacentrala\u00f1aza.com\/?page_id=378"},"modified":"2023-06-08T13:42:14","modified_gmt":"2023-06-08T13:42:14","slug":"servicio-de-dietista-y-control-de-peso","status":"publish","type":"page","link":"https:\/\/farmaciacentrala\u00f1aza.com\/?page_id=378","title":{"rendered":"Servicio de dietista y control de peso"},"content":{"rendered":"\n<pre>El objetivo de nuestra dietista consiste en ense\u00f1ar a nuestros pacientes a llevar una alimentaci\u00f3n saludable, a trav\u00e9s del cambio de h\u00e1bitos y el acompa\u00f1amiento de ejercicio f\u00edsico.<\/pre>\n<pre>Es por ello, que una vez en semana, nuestra dietista hace una evaluaci\u00f3n del estado emocional de nuestros pacientes de forma personalizada, adapt\u00e1ndose a las necesidades de cada persona y elaborando un plan nutricional individual de comidas, con el seguimiento posterior del mismo.<br \/><br \/>La consulta es totalmente gratuita. Nuestra dietista te aconsejar\u00e1 los productos que complementen y mejoren su plan nutricional.<\/pre>\n<p>\u00a0<\/p>\n<p><img decoding=\"async\" loading=\"lazy\" class=\" wp-image-531 aligncenter\" src=\"https:\/\/farmaciacentrala\u00f1aza.com\/wp-content\/uploads\/2023\/05\/Dietista.jpg\" alt=\"Diestista Jaxi\" width=\"600\" height=\"800\" srcset=\"https:\/\/farmaciacentrala\u00f1aza.com\/wp-content\/uploads\/2023\/05\/Dietista.jpg 720w, https:\/\/farmaciacentrala\u00f1aza.com\/wp-content\/uploads\/2023\/05\/Dietista-225x300.jpg 225w\" sizes=\"(max-width: 600px) 100vw, 600px\" \/><\/p>\n","protected":false},"excerpt":{"rendered":"<p>El objetivo de nuestra dietista consiste en ense\u00f1ar a nuestros pacientes a llevar una alimentaci\u00f3n saludable, a trav\u00e9s del cambio de h\u00e1bitos y el acompa\u00f1amiento de ejercicio f\u00edsico. Es por ello, que una vez en semana, nuestra dietista hace una evaluaci\u00f3n del estado emocional de nuestros pacientes de forma personalizada, adapt\u00e1ndose a las necesidades de [&hellip;]<\/p>\n","protected":false},"author":1,"featured_media":0,"parent":0,"menu_order":0,"comment_status":"closed","ping_status":"closed","template":"page-fullwidth.php","meta":[],"_links":{"self":[{"href":"https:\/\/farmaciacentrala\u00f1aza.com\/index.php?rest_route=\/wp\/v2\/pages\/378"}],"collection":[{"href":"https:\/\/farmaciacentrala\u00f1aza.com\/index.php?rest_route=\/wp\/v2\/pages"}],"about":[{"href":"https:\/\/farmaciacentrala\u00f1aza.com\/index.php?rest_route=\/wp\/v2\/types\/page"}],"author":[{"embeddable":true,"href":"https:\/\/farmaciacentrala\u00f1aza.com\/index.php?rest_route=\/wp\/v2\/users\/1"}],"replies":[{"embeddable":true,"href":"https:\/\/farmaciacentrala\u00f1aza.com\/index.php?rest_route=%2Fwp%2Fv2%2Fcomments&post=378"}],"version-history":[{"count":3,"href":"https:\/\/farmaciacentrala\u00f1aza.com\/index.php?rest_route=\/wp\/v2\/pages\/378\/revisions"}],"predecessor-version":[{"id":545,"href":"https:\/\/farmaciacentrala\u00f1aza.com\/index.php?rest_route=\/wp\/v2\/pages\/378\/revisions\/545"}],"wp:attachment":[{"href":"https:\/\/farmaciacentrala\u00f1aza.com\/index.php?rest_route=%2Fwp%2Fv2%2Fmedia&parent=378"}],"curies":[{"name":"wp","href":"https:\/\/api.w.org\/{rel}","templated":true}]}}